(-13). Suppose -i*o = -1518*o + 36. What is the remainder when o is divided by 3?
0
Let g be ((-40)/12)/((-24)/36). What is the remainder when 44 is divided by 5*(-1 + g) - 2?
8
Let v be 46*2/(-8)*(12 - 10). Let s = v + 52. Let k = 172 + -86. What is the remainder when k is divided by s?
28
Let u be (-6)/((-144)/(-1122))*-28. Suppose 0*h + 541 = 2*h + 5*i, 2*i + u = 5*h. Calculate the remainder when h is divided by 44.
43
Suppose 0 = 43*m - 8278 + 333 - 397. What is the remainder when 965 is divided by m?
189
Calculate the remainder when (((-2)/(-3))/(10/2265))/(57/1881) is divided by 14.
13
Let r(z) = 10*z**2 - 21*z + 881. What is the remainder when 3421 is divided by r(17)?
7
Let k(w) = 2*w**2 + 81*w + 959. Calculate the remainder when k(-28) is divided by 70.
49
Calculate the remainder when 14/63 - (-10576)/36 is divided by 38.
28
Let x(l) = -l**2 - 32*l - 171. Calculate the remainder when x(-10) is divided by 12/(6/(-8)*-1).
1
Let d = -3229 + 3328. Calculate the remainder when d is divided by 35.
29
Suppose 57*t + 43 = -t + 217. Calculate the remainder when 90 is divided by t.
0
Suppose 0 = 123*u - 2830 - 47231. Calculate the remainder when u is divided by 14.
1
Suppose -h - 2*y + 1007 = 0, 135*h = 140*h - y - 5046. What is the remainder when h is divided by 201?
4
Let o(l) = 4*l**2 - 559*l - 5044. Calculate the remainder when o(-9) is divided by (-2 - -16) + 2 + -3.
12
Suppose -2*u = 2*s - 5*u - 23, u + 5 = 0. Suppose 5*p + t - 80 = 5*t, -3*p - s*t = -16. Suppose -171 = -4*c + c. What is the remainder when c is divided by p?
9
Let g = -4720 + 7258. What is the remainder when g is divided by 62?
58
Let i = -162 - -271. Suppose 3*g = c + 3*c - i, c - 2*g = 31. Calculate the remainder when c is divided by 1 - (-1 + -1 + -6).
7
Let v = -38 - -33. Let a = v - -105. Suppose -3*n - 5*b + a = -n, 223 = 5*n - b. Calculate the remainder when n is divided by 16.
13
Suppose 5*d - 90 - 53 = -2*x, 0 = -5*x - 2*d + 305. Suppose -8*b = -x - 757. Calculate the remainder when b is divided by 21.
18
Calculate the remainder when (86757/(-42) + 12)*-2 - (-2)/(-7) is divided by 293.
5
Suppose 8479 = 135*q - 161. What is the remainder when q is divided by 26?
12
Let i = -1595 + 3220. What is the remainder when i is divided by 270?
5
Let z be 5 + -7 + (-4)/(1*-4). Let c = 38 + z. What is the remainder when c is divided by 27?
10
Let s(b) = b**3 - 10*b**2 + 22*b - 2. Let f be s(7). Suppose -d - 2*z = -27, 0 = f*d + 3*z - 146 + 39. What is the remainder when 69 is divided by d?
12
Suppose 5*y + 101352 = 29*y. Calculate the remainder when y is divided by 128.
127
Suppose q - 21 = -3*j, -26*j - 85 = -5*q - 21*j. What is the remainder when 103 is divided by q?
13
Suppose 6*m + 55 = 91. Let p(g) = -11*g + 94. Let l = 49 - -34. What is the remainder when l is divided by p(m)?
27
Suppose -5021 = -193*r + 234*r - 232*r + 4147. Let x(z) = -4*z**3 - 2*z**2 + 1. What is the remainder when r is divided by x(-2)?
23
Let a(h) be the second derivative of h**3/2 - 3*h**2 - h. Let b be 88/5 - 9/(45/(-2)). What is the remainder when a(b) is divided by 25?
23
Let r(b) = 8*b**2 - b + 6. Let l(h) = 16*h**2 - 2*h + 13. Let q(m) = 4*l(m) - 9*r(m). Let c be q(4). What is the remainder when c/5*40/(-16) is divided by 16?
15
Suppose -6*r = -23 - 415. Let n(q) = -q**2 + 11*q + 4. What is the remainder when r is divided by n(3)?
17
Let v be (6 + -3)/((-1)/(-58)). Suppose -u + 5*b = 2*u - 305, 0 = 2*u + 4*b - v. Let c = 5381 + -5369. What is the remainder when u is divided by c?
11
Suppose -1516*a + 1525*a - 74 = 295. Let p(m) = -m**3 + 5*m**2 + 5*m + 7. Let y be p(6). Calculate the remainder when a is divided by (-1)/(y - 8/7).
6
Let p = -371 + 1155. Calculate the remainder when 8/(-20) - (-1 - p/10) is divided by 17.
11
Let h be ((-1)/2)/((-5)/70). Suppose -6*k + h = k. Calculate the remainder when 9 is divided by k.
0
Let v = -215 + 270. Let r be 5/10*94*-1. Let a = v + r. What is the remainder when 30 is divided by a?
6
Suppose -1986*z - 480 = -2006*z. What is the remainder when 1966 is divided by z?
22
Let x(v) = 7*v**2 + 4*v - 104. What is the remainder when x(-18) is divided by 9?
4
Let h(x) be the first derivative of -x - 25/2*x**2 - 24. What is the remainder when h(-1) is divided by 13?
11
Let k(u) = -2*u + 25. Let f be k(0). Suppose -f = -5*v - 5*q, 4*q + 11 = -2*v + 27. Calculate the remainder when 7 + v/(-2) + -2 is divided by 3.
1
Calculate the remainder when -6 + (6 - 3) + 90 is divided by (-7)/(84/8) + (-339)/(-9).
13
Let i(t) = t**2 + 2*t + 1113. What is the remainder when i(-84) is divided by 116?
113
Let n(h) be the third derivative of -h**5/60 + 3*h**4/4 + 77*h**3/3 + 2*h**2 + 19. Calculate the remainder when 176 is divided by n(24).
6
Let c(w) = -w**2 - 15*w + 48. Let a = -67 - -80. What is the remainder when c(-15) is divided by a?
9
Let k = 23595 + -23537. What is the remainder when -3*1 + (-791)/(-7) is divided by k?
52
Suppose 5*c - 2*c - 4*i - 55 = 0, 0 = -4*c + 2*i + 70. Suppose r = -22*s + c*s + 14, 2*s = 0. What is the remainder when 111 is divided by r?
13
Let w(l) = l**3 - 39*l**2 - 36*l + 3299. Calculate the remainder when w(38) is divided by 142.
61
Suppose -2017*c + 2013*c - 2*v = -474, -2*c + 3*v = -233. Calculate the remainder when c is divided by 9.
1
Suppose 0 = -b - 2*g + 964, 42*b - 3*g = 47*b - 4848. Let y = b + -837. Calculate the remainder when y is divided by 47.
41
Let z(t) be the second derivative of -t**5/20 - 5*t**4/6 - 13*t**3/6 - 5*t**2 + 2*t + 10. What is the remainder when z(-9) is divided by 6?
2
Suppose g + 16 = 4*z, -4 = -g - z - 0. Let i be 8 - 5 - (g + 1). Calculate the remainder when 180/40*(1*12)/i is divided by 15.
12
Let n(z) = -288*z - 159. Let l be n(-24). Suppose -11*r - 483 = -l. What is the remainder when r is divided by 26?
24
Let p be (-28)/56 + 142/(-4). Let a = -34 - p. What is the remainder when 5 - -37 - (-4)/(1*a) is divided by 23?
21
Suppose 20 = 2*k + 4. Suppose -25 = -3*h + k. Suppose -57*j + 1591 = -20*j. What is the remainder when j is divided by h?
10
Let g(w) = -4*w**2 + 31*w + 800. Calculate the remainder when 306 is divided by g(-10).
36
Suppose -m = -4*a - 2, -m = m - 5*a - 19. Let w = -792 - -1131. Let y = -257 + w. What is the remainder when y is divided by m?
16
Let a be ((-40)/25)/((-4)/10). Suppose 2*g = a*d - 6*d + 6, -5*g - d = -35. What is the remainder when 43 is divided by g?
3
Let m(c) = -c - 8. Let l be m(-11). Suppose -4*x + 4*h + 100 = 0, -4*x - h + 104 = -l*h. Let y = x + -23. What is the remainder when 32 is divided by y?
0
Let i be ((-4)/(-3))/(2/(-6)). Let z(q) = -q**2 - 9*q - 14. Let w(y) = y**3 + 3. Calculate the remainder when z(i) is divided by w(0).
0
Let h = 57 + -52. Suppose -o + 73 = -h*l - 81, -2*l = 4*o - 550. What is the remainder when o is divided by 38?
25
Let h(q) = 3*q**3 - 2*q**2 - q + 1. Let m be h(-1). What is the remainder when ((m/2)/(-3))/((-24)/(-23568)) is divided by 17?
15
Let o = -192 + 285. Let i be (-15 - -12)/(-3 - (-927)/312). Let s = -80 + i. Calculate the remainder when o is divided by s.
21
Suppose 14 = 3*d + 2. Suppose -f - d*b + 166 = -b, 0 = 5*f - 3*b - 740. Calculate the remainder when f is divided by 40.
31
Let v = -1060 + 1198. What is the remainder when 1930 is divided by v?
136
Let s(q) = -45*q + 969. Calculate the remainder when 1250 is divided by s(19).
110
Let c = 131 + -80. Let w = 13 - -2. Suppose -3*h = -w*h + 1776. What is the remainder when h is divided by c?
46
Let o(a) = -a - 29. Let f be o(-28). What is the remainder when (-2)/5 - 964/10*f is divided by 25?
21
Let q = -62 + 62. Suppose 2*o + 15 - 21 = q. Suppose -3*j + 4*b = -42, -2*j - o*j + 3*b + 70 = 0. Calculate the remainder when j is divided by 11.
3
Calculate the remainder when 1 + (-1577)/(-9) + (-244)/1098 is divided by (16/10)/((-3)/(-105)).
8
Let o = 52 - 56. Let b = o + 7. Suppose -f = -b*d - 79, 6*d + 158 = 2*f + d. Calculate the remainder when f is divided by 20.
19
What is the remainder when 243 + (-4 - 5 - -6) + -2 is divided by 53?
26
Suppose -79 = 3*r - 205. Let x(h) = -h**3 + 7*h**2 - 9*h + 24. What is the remainder when r is divided by x(6)?
0
Suppose 4*w - 120 = -4*j, -j + 524 = 3*w + 508. Calculate the remainder when j is divided by 29.
8
Suppose 2*k - 2 = -3*m + k, 